{"id":9,"date":"2017-11-14T17:50:11","date_gmt":"2017-11-14T16:50:11","guid":{"rendered":"http:\/\/wordpress\/?page_id=9"},"modified":"2023-07-16T20:43:42","modified_gmt":"2023-07-16T18:43:42","slug":"about-us","status":"publish","type":"page","link":"https:\/\/nowymotyw.com\/fr\/about-us\/","title":{"rendered":"O nas"},"content":{"rendered":"<div class=\"cell about-content\">\n<h6>Nasza filozofia projektowania:<\/h6>\n<p>NOWY MOTYW to autorska pracownia za\u0142o\u017cona i prowadzona przez Adama Orlewicza, tworz\u0105ca unikatowe projekty ekspozycji muzealnych, wystaw sta\u0142ych i czasowych, ekspozycji plenerowych, stoisk targowych, oraz projekty graficzne. Dzi\u0119ki wsp\u00f3\u0142pracy ze specjalistami studio podejmuje si\u0119 ca\u0142o\u015bciowych realizacji od projektu po wykonawstwo specjalistycznych wystaw. Ka\u017cdy projekt traktowany jest w spos\u00f3b indywidualny i tworzony wy\u0142\u0105cznie przy u\u017cyciu oryginalnych rozwi\u0105za\u0144.<\/p>\n<\/div>\n<div class=\"cell about-content\">\n<h6>Nasi Klienci (A\u2013Z)<\/h6>\n<p>Akademia Sztuk Pi\u0119knych w Warszawie<br \/>\nKancelaria Prezydenta Rzeczypospolitej Polskiej<br \/>\nMinisterstwo Kultury i Dziedzictwa Narodowego<br \/>\nMuzeum Literatury im. Adama Mickiewicza w Warszawie<br \/>\nDom Spotka\u0144 z Histori\u0105 w Warszawie<br \/>\nMuzeum Historii \u017byd\u00f3w Polskich POLIN<br \/>\nMuzeum Gombrowicza we Wsoli<br \/>\nMuzeum Witolda Gombrowicza w Vence (Francja)<br \/>\nMuzeum Warszawy<br \/>\nZamek Kr\u00f3lewski w Warszawie<br \/>\nMuzeum Zamkowe w Malborku<br \/>\nZamek Kr\u00f3lewski na Wawelu<\/p>\n<\/div>\n<div class=\"cell about-content\">\n<h6>Nagrody<\/h6>\n<p>Nagroda &#8220;Les Rubans du Patrimoine&#8221; (Szarfy Dziedzictwa) &#8211; Francja;<br \/>\nNagroda specjalna w konkursie Polish Graphic Design Awards;<br \/>\nII nagroda w konkursie na projekt Nowej Galerii Sztuki XX i XXI w. Muzeum Narodowego w Krakowie;<\/p>\n<\/div>\n","protected":false},"excerpt":{"rendered":"<p>Nasza filozofia projektowania: NOWY MOTYW to autorska pracownia za\u0142o\u017cona i prowadzona przez Adama Orlewicza, tworz\u0105ca unikatowe projekty ekspozycji muzealnych, wystaw sta\u0142ych i czasowych, ekspozycji plenerowych, stoisk targowych, oraz projekty graficzne. Dzi\u0119ki wsp\u00f3\u0142pracy ze specjalistami studio podejmuje si\u0119 ca\u0142o\u015bciowych realizacji od projektu po wykonawstwo specjalistycznych wystaw. Ka\u017cdy projekt traktowany jest w spos\u00f3b indywidualny i tworzony wy\u0142\u0105cznie [&hellip;]<\/p>\n","protected":false},"author":1,"featured_media":0,"parent":0,"menu_order":0,"comment_status":"closed","ping_status":"closed","template":"page_about.php","meta":{"_acf_changed":false,"footnotes":""},"class_list":["post-9","page","type-page","status-publish","hentry"],"translation":{"provider":"WPGlobus","version":"3.0.2","language":"fr","enabled_languages":["pl","en","fr"],"languages":{"pl":{"title":true,"content":true,"excerpt":false},"en":{"title":false,"content":false,"excerpt":false},"fr":{"title":false,"content":false,"excerpt":false}}},"acf":[],"_links":{"self":[{"href":"https:\/\/nowymotyw.com\/fr\/wp-json\/wp\/v2\/pages\/9","targetHints":{"allow":["GET"]}}],"collection":[{"href":"https:\/\/nowymotyw.com\/fr\/wp-json\/wp\/v2\/pages"}],"about":[{"href":"https:\/\/nowymotyw.com\/fr\/wp-json\/wp\/v2\/types\/page"}],"author":[{"embeddable":true,"href":"https:\/\/nowymotyw.com\/fr\/wp-json\/wp\/v2\/users\/1"}],"replies":[{"embeddable":true,"href":"https:\/\/nowymotyw.com\/fr\/wp-json\/wp\/v2\/comments?post=9"}],"version-history":[{"count":8,"href":"https:\/\/nowymotyw.com\/fr\/wp-json\/wp\/v2\/pages\/9\/revisions"}],"predecessor-version":[{"id":861,"href":"https:\/\/nowymotyw.com\/fr\/wp-json\/wp\/v2\/pages\/9\/revisions\/861"}],"wp:attachment":[{"href":"https:\/\/nowymotyw.com\/fr\/wp-json\/wp\/v2\/media?parent=9"}],"curies":[{"name":"wp","href":"https:\/\/api.w.org\/{rel}","templated":true}]}}

<div class="cell about-content">
<h6>Nasza filozofia projektowania:</h6>
<p>NOWY MOTYW to autorska pracownia założona i prowadzona przez Adama Orlewicza, tworząca unikatowe projekty ekspozycji muzealnych, wystaw stałych i czasowych, ekspozycji plenerowych, stoisk targowych, oraz projekty graficzne. Dzięki współpracy ze specjalistami studio podejmuje się całościowych realizacji od projektu po wykonawstwo specjalistycznych wystaw. Każdy projekt traktowany jest w sposób indywidualny i tworzony wyłącznie przy użyciu oryginalnych rozwiązań.</p>
</div>
<div class="cell about-content">
<h6>Nasi Klienci (A–Z)</h6>
<p>Akademia Sztuk Pięknych w Warszawie<br />
Kancelaria Prezydenta Rzeczypospolitej Polskiej<br />
Ministerstwo Kultury i Dziedzictwa Narodowego<br />
Muzeum Literatury im. Adama Mickiewicza w Warszawie<br />
Dom Spotkań z Historią w Warszawie<br />
Muzeum Historii Żydów Polskich POLIN<br />
Muzeum Gombrowicza we Wsoli<br />
Muzeum Witolda Gombrowicza w Vence (Francja)<br />
Muzeum Warszawy<br />
Zamek Królewski w Warszawie<br />
Muzeum Zamkowe w Malborku<br />
Zamek Królewski na Wawelu</p>
</div>
<div class="cell about-content">
<h6>Nagrody</h6>
<p>Nagroda &#8220;Les Rubans du Patrimoine&#8221; (Szarfy Dziedzictwa) &#8211; Francja;<br />
Nagroda specjalna w konkursie Polish Graphic Design Awards;<br />
II nagroda w konkursie na projekt Nowej Galerii Sztuki XX i XXI w. Muzeum Narodowego w Krakowie;</p>
</div>

<p>Nasza filozofia projektowania: NOWY MOTYW to autorska pracownia założona i prowadzona przez Adama Orlewicza, tworząca unikatowe projekty ekspozycji muzealnych, wystaw stałych i czasowych, ekspozycji plenerowych, stoisk targowych, oraz projekty graficzne. Dzięki współpracy ze specjalistami studio podejmuje się całościowych realizacji od projektu po wykonawstwo specjalistycznych wystaw. Każdy projekt traktowany jest w sposób indywidualny i tworzony wyłącznie [&hellip;]</p>
